derivative of j**4/6 - 7*j**3/3 - 21*j**2/2 + 24*j + 6. Determine l(8).
-5
Let o(p) = p**3 + p**2 - 1. Let n be (-4)/(-16)*4 + 63 + 1. Let k = -65 + n. What is o(k)?
-1
Let k(a) = 5*a + 17. Let r(t) = -6*t - 16. Let y(v) = 5*k(v) + 4*r(v). Let d be y(-16). Let b(f) = f**3 - 5*f**2 - 2*f - 1. Give b(d).
-11
Let k(f) be the first derivative of f**2/2 - f - 1. Let b = -187 + 193. Let m be (90/50)/(b/(-20)). What is k(m)?
-7
Let f(s) = -s - 2. Let y be f(-5). Let c = 44 - 42. Let v(i) = 2*i**2 - 3 + 2 - c - 1 - 3*i. What is v(y)?
5
Let a be (-2)/(-6) + (-40)/(-15). Let w(f) = 3*f + 6*f**2 - 4*f**2 + a + 2*f. Suppose q = 5*z + 15, 2*q - 5*q = 0. Determine w(z).
6
Suppose -3*i - 3 = 5*v - 13, -5*v = 2*i. Let c(l) = 2*l - 12. What is c(i)?
8
Let g(p) = 3. Let i(k) = 10*k - 66. Let l be i(7). Let m(a) = -1 - 3 + a - 4. Let q(v) = l*m(v) + 11*g(v). Determine q(3).
13
Let l be (-170)/2125 + (-96)/50. Let g(p) = -p - 6. Determine g(l).
-4
Let s(i) = 2*i**2 - 9*i + 6. Let v be 40/15*(-27)/(-12). Determine s(v).
24
Let o(z) = -23*z - 20. Let c(x) = 8*x + 7. Let v(i) = 17*c(i) + 6*o(i). Suppose 9 = -3*w + 45. Let b = -8 + w. Give v(b).
-9
Let v(w) = 0*w - 28*w**3 - 4*w + 3 + 26*w**3 + 8*w**2 + 10*w - 2*w. What is v(4)?
19
Let b(l) = -6*l - 71. Let g be b(-11). Let u(h) = -h - 6. Determine u(g).
-1
Let t(s) = s**3 - 5*s**2 - 3*s - 5. Let h(j) = j**3 - 3*j**2 - 5*j - 3. Let p be h(5). Let r = p + -38. Let g be (-4)/r - (-23)/4. Calculate t(g).
13
Suppose -13 = 2*o - 65. Let w(h) = -5 - 3 - o*h + 10*h + 13*h. Give w(-6).
10
Let d(q) = 3*q**2 + 0 - 3*q - 4 + 3*q. Let l(k) = 190*k**2 + 3 - 96*k**2 - 96*k**2. Let x(i) = 5*d(i) + 7*l(i). Determine x(1).
2
Let j = 61 - 61. Suppose 9 = q + z - 4*z, 2*q - 4*z - 16 = j. Let o(d) be the first derivative of -d**2/2 - d + 1. Give o(q).
-7
Let o(r) = r - 2. Suppose -2*s - 3*p + 6 = s, 2*s - 13 = p. Suppose 0*t = s*t + 5*u + 5, 3 = -u. Suppose c = t*c. Give o(c).
-2
Let t(c) be the third derivative of 1/120*c**6 + 5/12*c**4 + 1/6*c**5 + 0*c - 20*c**2 + 13/6*c**3 + 0. Give t(-9).
4
Let p(q) = 3*q**3 + 2*q**2 - q. Let y(v) = -7*v**3 - 5*v**2 + 3*v. Let m = -106 - -101. Let s(c) = m*p(c) - 2*y(c). Give s(0).
0
Let l(z) = -2*z**2 - 5*z - 2. Let h be l(-3). Let b = h + 8. Let j(y) = -11*y + 25. Let d(g) = 6*g - 14. Let u(f) = -7*d(f) - 4*j(f). What is u(b)?
4
Let q(v) = v**3 - 11*v**2 + 10*v + 9. Let w be q(11). Let y(g) = -3 - 118*g**2 + 2 - 3*g - 1 + w*g**2. Give y(4).
2
Let h(i) = -268 - i**3 + 5*i**2 + 518 + i + 8*i - 259. Determine h(6).
9
Let d be (-63)/(-6) + (-1)/2. Let b be 3/5 - 265/25. Let h = b + d. Let j(u) = u**2 - 9. What is j(h)?
-9
Let t(l) = -l + 1. Let b(k) = -k**2 + 7*k - 8. Let w(s) = s**2 + s + 8. Let c be w(0). Let y be (c/10)/(3/15). Let q(g) = y*t(g) + b(g). Determine q(4).
-8
Suppose 0 = 6*d - 2*d + 3*k - 29, -k + 3 = 0. Let l(t) be the first derivative of t**2/2 - 3*t - 53. What is l(d)?
2
Let v(d) = -9 + 5*d**3 - 4*d - 30*d**2 - 45*d**2 - 2*d + 85*d**2. Let t(l) = 4*l**3 + 9*l**2 - 5*l - 9. Let j(p) = -4*t(p) + 3*v(p). What is j(-6)?
-3
Let r(s) = -10*s + 15 + 4 + 6 - 9 - 5 + s**2. What is r(8)?
-5
Let j(b) be the first derivative of 3*b**2 - 1/3*b**3 + 0*b + 1/24*b**4 + 1. Let v(i) be the second derivative of j(i). Calculate v(5).
3
Let t(o) = o**2 - 9*o + 14. Suppose -d - 5 = -r, -4*r + d + 20 = -4*d. What is t(r)?
-6
Let j(t) be the second derivative of t**3/6 + t**2/2 + 146*t. Calculate j(7).
8
Let t(c) = -3*c. Let x(p) = 2*p. Let q be (3 + -3 + 4)*-2. Let s(h) = q*x(h) - 5*t(h). Calculate s(-1).
1
Let z be (-4)/12 + 14/(-3) + -2. Let v(n) = n + 15. Determine v(z).
8
Let v(u) be the second derivative of 3*u**5/20 - u**4/12 + u**2/2 - 9*u. Suppose k - 5*d + 2 = -4, d - 2 = 0. Suppose -1 + k = 3*h. What is v(h)?
3
Let v(b) = -2*b**2 - 6*b - 4. Let l = -24 + 29. Suppose -l*u - 11 - 9 = 0. Determine v(u).
-12
Let y(q) be the third derivative of q**5/60 + q**4/24 - q**3/6 + q**2. Suppose -5*d = l, 90 - 114 = 4*d - 4*l. Determine y(d).
-1
Suppose -5*m = 4*m - 72. Let o(i) = -m*i**3 - i**2 - 31*i - 20*i + 53*i - 1. Determine o(1).
-8
Let q(v) = -29*v**2 + 14*v**2 - 3736 + 16*v**2 + 3727. Determine q(0).
-9
Let a(y) be the first derivative of y**4/4 + 4*y**3/3 - 7*y**2/2 - 19*y - 581. Calculate a(-4).
9
Let j be 8/14 + ((-960)/35)/6. Let v(s) = s**3 + 3*s**2 - 2*s + 8. What is v(j)?
0
Suppose 2*r + 3*r - 10 = 0. Let d(n) = -2*n**2 - 6 - 3*n + n**r + 2*n**2. Suppose -11*k + 12*k = -5, 0 = 4*v + 2*k - 10. Give d(v).
4
Suppose 0 = 3*h + 3*h - 24. Let s(i) = 0*i + 2*i + h*i + 9 - 4*i. What is s(7)?
23
Suppose -10*j + 606 = -504. Let s = -110 + j. Let v(o) = 3*o**3 - o**2 + 2*o - 1. What is v(s)?
3
Let g(h) = 2*h**2 - 9*h - 23. Let k be 1*9*-2*(-6)/36. Let y(o) = o**2 - 4*o - 12. Let u(p) = k*g(p) - 5*y(p). Calculate u(8).
-1
Suppose -19 = -4*c + 13. Let x(l) = 7*l**2 - l**3 - 77*l + 8 + 38*l + 46*l. Determine x(c).
0
Let n(c) = -c + 10. Let m = 135 - 53. Let g = m - 58. Let s = -18 + g. Give n(s).
4
Let q(n) = -5*n - 1. Let p(d) = 11*d + 1. Let s(u) = -p(u) - 2*q(u). Let l be ((-1)/3)/((-1)/24). Determine s(l).
-7
Let h(m) be the third derivative of -m**4/24 - m**3 + 61*m**2. Suppose 4*s = 5*s + 3. Let f be -7*(3/s)/(-1). What is h(f)?
1
Let b(v) be the first derivative of 3*v**2 - 1/3*v**3 - 6 - v. Calculate b(5).
4
Suppose 4*q + 2*w = -2*w - 28, -7 = 2*q - 5*w. Let f(g) be the second derivative of -g**5/20 - 7*g**4/12 - g**3 + 2*g**2 + 5*g - 5. Determine f(q).
4
Let f(k) = k - 6. Suppose -44*s + 51 = -49*s + 4*p, 4*s + 40 = 3*p. Give f(s).
-13
Let v(u) be the first derivative of 5/2*u**4 + 7 - 1/3*u**3 + u + 0*u**2. Calculate v(1).
10
Let b(m) = 2*m**2 - 2*m**2 + 5 + 7*m**2 - 8*m**2 - 3 - 15*m. What is b(-15)?
2
Let j(g) = -3*g + 31 + 10 - 29 + 6. Determine j(7).
-3
Let g(w) be the third derivative of w**5/60 + w**4/6 - 3*w**3/2 - 167*w**2. Determine g(-4).
-9
Suppose -5*v = -15 - 15. Let f = 28 - 22. Let a(m) = 9 - m**3 - m - 3 + 7*m**2 - m - f*m. What is a(v)?
-6
Let w(h) be the second derivative of -h**4/12 + 5*h**3/6 + 3*h**2 - 4*h + 7. Let j(g) = g**3 + 7*g**2 + 5*g + 1. Let z be j(-6). Give w(z).
-8
Let r(m) = 7 + 8*m + 13*m - 19*m. Determine r(6).
19
Let g(b) = 0 + 0 + 0 + 3*b + 1. Let l(d) = -16*d - 5. Suppose -2*s = -2*z + 32, -z + s + 31 = -3*s. Let a(o) = z*g(o) + 2*l(o). Calculate a(-7).
-6
Suppose -2*v - 3*j + 6 = 0, 6*v - 3*v = -5*j + 10. Let n be (-4)/1*(-15)/12. Suppose v = -m - n - 0. Let p(k) = k - 2. Calculate p(m).
-7
Suppose -57 = -5*v + 3*a - 18, -2*a - 30 = -4*v. Let j(t) = -4*t + 18. Give j(v).
-6
Let i(u) be the second derivative of -7*u**5/60 - u**4/24 + 6*u**2 - 15*u. Let g(b) be the first derivative of i(b). Calculate g(1).
-8
Let y = 22 - 19. Let j(x) = 0*x**y + x - 12 - 7 + x**3 + 5. Determine j(0).
-14
Let f be (-4)/((-24)/(-9))*36. Let x be (f/24)/((-6)/(-16)). Let p(g) be the third derivative of g**5/60 + g**4/3 + 2*g**3/3 - 3*g**2. Determine p(x).
-8
Let s(d) = -794*d**2 + 2*d + 10*d**3 + 2 - 800*d**2 + 1595*d**2. Determine s(-1).
-9
Let t(d) = 4*d**2 - 8*d - 24. Let u(v) = 2*v**2 - 3*v - 11. Let b(p) = -4*t(p) + 9*u(p). Give b(3).
30
Let t(z) be the second derivative of -z**4/6 - z**3/6 + 2*z**2 + 57*z. What is t(3)?
-17
Let n(y) = 1 - 3*y - y + y. Let j(h) = h**3 - 9*h**2 - 9*h - 9. Let c be j(10). What is n(c)?
-2
Let k(y) = -4*y - 2. Let w(t) = -t. Let f(v) = -4*v - 3. Let u(j) = f(j) + 3*w(j). Let d be (-11)/4 - 5/20. Let b(r) = d*u(r) + 5*k(r). Calculate b(6).
5
Let p(z) be the second derivative of -z + 7/12*z**4 - 1/20*z**5 - 2/3*z**3 + 0 - 3*z**2. Suppose -4*m = -4*j + 24, -1 = -4*j - 5*m + 23. What is p(j)?
6
Let q(m) be the second derivative of m**6/180 + m**5/120 - 4*m**4/3 + 12*m. Let n(g) be the third derivative of q(g). What is n(-2)?
-7
Let m(f) = -f + 141 - 280 + 130. Give m(-5).
-4
Let g(u) = -u**2 - 4. Suppose 84 - 56 = 14*f. Give g(f).
-8
Let x(d) = -d**2 - 6. Suppose 5*u = -q + 24, -4*q + 6 = 11*u - 9*u. What is x(u)?
-31
Let n(i) = 6*i**2 - 4*i**2 - i**2 - 4*i**2 + 2. Suppose -13*h - 6 = -10*h. Give n(h).
-10
Let p(i) = i + 2. Let b = 20 + -17. Suppose -4*n = -b*a, 2*a + n + 7 = -4. Calculate p(a).
-2
Let q(n) be the second derivative of -n**4/12 + 5*n**3/6 + n. Let y(l) = -69*l - 6. Let b be y(-2). Let x = b - 128. Calculate q(x).
4
Let v(o) = o 